53000956?
5
What is the ten millions digit of 427867924?
2
What is the millions digit of 74216545?
4
What is the ten thousands digit of 143375929?
7
What is the millions digit of 63715028?
3
What is the hundreds digit of 207761772?
7
What is the ten millions digit of 328619380?
2
What is the hundred thousands digit of 64388770?
3
What is the hundred millions digit of 768818077?
7
What is the units digit of 5106017651?
1
What is the hundred thousands digit of 41486692?
4
What is the ten millions digit of 18181124?
1
What is the units digit of 5400751959?
9
What is the hundreds digit of 2027820184?
1
What is the ten millions digit of 32989009?
3
What is the hundred thousands digit of 180954479?
9
What is the ten thousands digit of 6627608248?
0
What is the millions digit of 11622172?
1
What is the hundred thousands digit of 252649380?
6
What is the millions digit of 23740812?
3
What is the ten thousands digit of 38053780?
5
What is the ten thousands digit of 16308601?
0
What is the hundred millions digit of 2772432457?
7
What is the units digit of 84531437?
7
What is the hundred thousands digit of 3980896490?
8
What is the ten thousands digit of 21886613?
8
What is the ten thousands digit of 2047091338?
9
What is the tens digit of 34707440?
4
What is the tens digit of 901084060?
6
What is the tens digit of 567914338?
3
What is the ten thousands digit of 9410647?
1
What is the ten millions digit of 157933453?
5
What is the millions digit of 26375733?
6
What is the units digit of 3782269707?
7
What is the thousands digit of 327183771?
3
What is the tens digit of 26575836?
3
What is the hundred thousands digit of 1670130646?
1
What is the units digit of 381391273?
3
What is the tens digit of 2998983076?
7
What is the tens digit of 482952702?
0
What is the ten thousands digit of 543822488?
2
What is the billions digit of 1321823574?
1
What is the units digit of 776712238?
8
What is the tens digit of 71908465?
6
What is the units digit of 75285234?
4
What is the hundred thousands digit of 1508901969?
9
What is the tens digit of 595022158?
5
What is the hundreds digit of 555013265?
2
What is the thousands digit of 879912815?
2
What is the hundreds digit of 93379817?
8
What is the units digit of 242240276?
6
What is the billions digit of 1389821104?
1
What is the tens digit of 4274839?
3
What is the ten millions digit of 300839176?
0
What is the billions digit of 4267922217?
4
What is the ten millions digit of 471359669?
7
What is the ten thousands digit of 2422459?
2
What is the hundreds digit of 3371605280?
2
What is the hundred thousands digit of 6035299?
0
What is the units digit of 87081050?
0
What is the units digit of 13874842?
2
What is the thousands digit of 376068119?
8
What is the hundred thousands digit of 83167473?
1
What is the tens digit of 51764141?
4
What is the thousands digit of 39813307?
3
What is the units digit of 88322536?
6
What is the units digit of 37233266?
6
What is the tens digit of 6817456?
5
What is the hundreds digit of 908869587?
5
What is the ten thousands digit of 379924042?
2
What is the units digit of 12151696?
6
What is the hundred millions digit of 1198646778?
1
What is the units digit of 28278429?
9
What is the hundred millions digit of 2070394338?
0
What is the hundreds digit of 4078833906?
9
What is the ten thousands digit of 6038818870?
1
What is the hundreds digit of 214754309?
3
What is the hundred thousands digit of 3322516496?
5
What is the thousands digit of 507031025?
1
What is the ten millions digit of 166313778?
6
What is the ten millions digit of 3675338778?
7
What is the units digit of 40309041?
1
What is the ten thousands digit of 21394987?
9
What is the ten millions digit of 11682709?
1
What is the ten millions digit of 124442419?
2
What is the thousands digit of 204592526?
2
What is the ten millions digit of 1715495105?
1
What is the tens digit of 4494617?
1
What is the millions digit of 3331104392?
1
What is the hundred thousands digit of 365281883?
2
What is the hundred thousands digit of 225611370?
6
What is the billions digit of 2345462820?
2
What is the hundred thousands digit of 252913785?
9
What is the millions digit of 36252716?
6
What is the thousands digit of 39106609?
6
What is the hundred thousands digit of 99257004?
2
What is the ten millions digit of 2260963145?
6
What is the hundreds digit of 61010134?
1
What is the ten millions digit of 601577877?
0
What is the units digit of 18879827?
7
What is the units digit of 69299370?
0
What is the hundred thousands digit of 5998829345?
8
What is the tens digit of 1813137288?
8
What is the ten thousands digit of 236513335?
1
What is the units digit of 67627506?
6
What is the tens digit of 183368403?
0
What is the hundreds digit of 729312105?
1
What is the millions digit of 2825008649?
5
What is the units digit of 355690744?
4
What is the units digit of 43636860?
0
What is the ten thousands digit of 100315767?
1
What is the millions digit of 56695876?
6
What is the units digit of 4103434316?
6
What is the millions digit of 231517252?
1
What is the tens digit of 263969909?
0
What is the hundred thousands digit of 120295864?
2
What is the hundreds digit of 92149887?
8
What is the tens digit of 104304957?
5
What is the hundreds digit of 39318323?
3
What is the hundred thousands digit of 65565683?
5
What is the millions digit of 4897781260?
7
What is the hundreds digit of 107024755?
7
What is the tens digit of 229245669?
6
What is the tens digit of 3156340661?
6
What is the units digit of 62990558?
8
What is the millions digit of 163614442?
3
What is the thousands digit of 530546727?
6
What is the millions digit of 82634011?
2
What is the hundred millions digit of 163002280?
1
What is the millions digit of 218375499?
8
What is the thousands digit of 365893?
5
What is the millions digit of 3435988086?
5
What is the ten thousands digit of 6738343666?
4
What is the hundred millions digit of 1313636185?
3
What is the thousands digit of 215683447?
3
What is the hundred millions digit of 5224553007?
2
What is the hundred millions digit of 1145939949?
1
What is the millions digit of 6200698453?
0
What is the ten thousands digit of 59767528?
6
What is the hundred thousands digit of 121010741?
0
What is the ten millions digit of 1753786217?
5
What is the millions digit of 99407810?
9
What is the ten millions digit of 673188254?
7
What is the ten millions digit of 5115848500?
1
What is the hundreds digit of 10745545?
5
What is the ten millions digit of 275659272?
7
What is the millions digit of 951546421?
1
What is the millions digit of 3058099572?
8
What is the thousands digit of 47109591?
9
What is the hundred thousands digit of 625516718?
5
What is the tens digit of 224958534?
3
What is the tens digit of 163648360?
6
What is the hundred millions digit of 203066326?
2
What is the tens digit of 249643543?
4
What is the ten millions digit of 190968960?
9
What is the hundred thousands digit of 33250463?
2
What is the hundreds digit of 46115106?
1
What is the ten millions digit of 155095401?
5
What is the ten millions digit of 136246854?
3
What is the hundreds digit of 117074155?
1
What is the tens digit of 30115841?
4
What is the hundreds digit of 138474506?
5
What is the thousands digit of 118090467?
0
What is the units digit of 1605255398?
8
What is the millions digit of 11432342?
1
What is the hundreds digit of 186129494?
4
What is the hundreds digit of 150105644?
6
What is the hundred millions digit of 1046684188?
0
What is the ten millions digit of 77427036?
7
What is the hundreds digit of 59993352?
3
What is the hundreds digit of 74139355?
3
What is the hundred thousands digit of 531519045?
5
What is the hundreds digit of 1316709354?
3
What is the hundred millions digit of 196032358?
1
What is the ten millions digit of 465758807?
6
What is the units digit of 650605987?
7
What is the tens digit of 146107703?
0
What is the ten thousands digit of 7228147354?
4
What is the ten thousands digit of 2501630016?
3
What is the hundreds digit of 75459122?
1
What is the ten thousands digit of 587526788?
2
What is the ten thousands digit of 74080486?
8
What is the hundreds digit of 84691815?
8
What is the hundreds digit of 396930001?
0
What is the thousands di